-77*c**3 - c**2 + 4*c + 5. Determine y(-1).
77
Let y(c) = -30*c**2 + 25*c + 1. Determine y(1).
-4
Let o(d) = 338*d - 374. Determine o(1).
-36
Let x(p) = -p**3 - 11*p**2 + 33*p + 27. Calculate x(3).
0
Let o(c) = 169*c**2 - 16*c + 2. Calculate o(1).
155
Let h(c) = -33*c + 1322. Calculate h(40).
2
Let p(l) = 2*l**2 + 84*l - 179. Calculate p(-44).
-3
Let o(b) = -b**3 - 10*b**2 + 10*b - 3. What is o(-11)?
8
Let t(w) = -12*w - 203. What is t(-16)?
-11
Let b(c) = -19*c + 131. Determine b(8).
-21
Let u(v) = -16*v**2 + 140*v + 49. Calculate u(9).
13
Let m(o) = 23*o**2 - 808*o + 88. Determine m(35).
-17
Let r(j) = j**3 - 76*j**2 + 74*j + 67. Determine r(75).
-8
Let m(i) = i**3 + 4*i**2 - 13*i - 890. Give m(0).
-890
Let c(u) = -9*u + 57. Determine c(-26).
291
Let s(x) = -54*x + 2259. Determine s(42).
-9
Let d(u) = 131*u + 2233. What is d(-17)?
6
Let p(b) = 70*b - 20. What is p(2)?
120
Let y(j) = 31*j**2 + 19*j + 37. Determine y(-2).
123
Let y(g) = -4273*g + 4289. What is y(1)?
16
Let v(w) = w**3 - 3*w**2 - 55*w + 233. Determine v(7).
44
Let s(d) = 21*d - 183. What is s(9)?
6
Let t(q) = -5*q**2 - 192*q + 10554. Give t(-69).
-3
Let x(k) = -k**3 + 8*k**2 - 3*k - 49. Give x(6).
5
Let r(b) = b - 53. Calculate r(32).
-21
Let c(u) = -26*u + 140. What is c(6)?
-16
Let b(u) = 417*u - 12111. Give b(29).
-18
Let w(i) = i**2 - 53*i - 405. Calculate w(60).
15
Let i(z) = -2*z**3 + 139*z**2 - 93*z + 1659. What is i(69)?
3
Let x(d) = -4*d**2 + 1482*d + 2224. Determine x(372).
-8
Let d(q) = 19*q**3 + 3*q**2 + q - 1. What is d(-1)?
-18
Let x(f) = f**2 + 91*f + 4. Determine x(0).
4
Let a(l) = -7*l - 151. Determine a(-23).
10
Let g(n) = 2*n**2 - 35*n - 493. Determine g(-9).
-16
Let f(w) = -w**3 + 45*w**2 - 82*w - 180. What is f(43)?
-8
Let w(j) = -j**3 - 7*j**2 - 26*j + 4. What is w(-3)?
46
Let z(k) = k**3 + 5*k**2 + 2*k - 3. Calculate z(1).
5
Let b(k) = -2*k**2 + 2*k + 7. Calculate b(8).
-105
Let w(g) = -115*g + 1743. Determine w(15).
18
Let q(p) = 5*p**2 - 38*p - 4. Calculate q(6).
-52
Let v(h) = 51*h**2 - 270*h + 255. Determine v(4).
-9
Let i(q) = 1133*q - 1158. What is i(1)?
-25
Let r(u) = 24*u - 712. Calculate r(28).
-40
Let a(w) = -26*w - 1651. Determine a(-64).
13
Let l(w) = 12*w**3 - 6*w**2 + 73*w - 265. Give l(4).
699
Let i(h) = 2*h**2 + h + 31. Calculate i(0).
31
Let n(q) = -59*q**2 + 2298*q - 32. What is n(39)?
-149
Let k(g) = -4613*g**2 - 27679*g - 4. Give k(-6).
2
Let t(s) = -23*s + 23. What is t(3)?
-46
Let t(o) = -o**3 - 16*o**2 - 34*o - 7. What is t(-7)?
-210
Let l(o) = -13*o**2 - 57*o - 301. Determine l(-5).
-341
Let y(v) = v**2 + 307*v + 8732. What is y(-32)?
-68
Let m(b) = -2*b**3 + 12*b**2 - 71*b + 819. Calculate m(8).
-5
Let w(h) = -2*h**2 - 6*h - 33. Give w(-4).
-41
Let l(t) = -t**3 - 39*t**2 - 77*t + 50. What is l(-37)?
161
Let n(w) = -w**2 - 1678*w - 31532. Determine n(-19).
-11
Let k(l) = 6*l - 479. Calculate k(-49).
-773
Let z(d) = 38*d**2 - 7*d + 6. Calculate z(1).
37
Let s(l) = -l**3 + 43*l**2 - 80*l - 78. What is s(41)?
4
Let f(t) = t**3 + 108*t**2 - 227*t - 608. What is f(-110)?
162
Let a(m) = 22*m - 2882. Determine a(131).
0
Let t(o) = o**2 - 41*o + 209. What is t(36)?
29
Let p(c) = -304*c - 61124. Determine p(-201).
-20
Let h(t) = -70*t**2 - 293*t - 56. Give h(-4).
-4
Let m(s) = -2*s**3 - 31*s**2 - 54*s + 128. Give m(-13).
-15
Let k(n) = 2*n**2 - 320*n + 10. Calculate k(160).
10
Let j(f) = 137*f**3 - 4*f**2 - 4*f - 1. Calculate j(-1).
-138
Let s(c) = 26530*c - 424472. What is s(16)?
8
Let o(d) = d**3 - 10*d**2 + 22*d + 18. Calculate o(6).
6
Let y(g) = -8*g**2 + 455*g + 35. Determine y(56).
427
Let c(v) = -26*v**2 - 94*v + 191. Determine c(2).
-101
Let p(j) = 400*j + 8412. Calculate p(-21).
12
Let i(k) = -6173*k - 43204. Give i(-7).
7
Let m(j) = -144*j**2 - 16*j + 30. Give m(2).
-578
Let d(w) = 25440*w - 101763. Calculate d(4).
-3
Let b(k) = 147*k - 2207. Calculate b(15).
-2
Let f(o) = 4*o**2 - 31*o - 85. Give f(-4).
103
Let k(w) = -w**2 - 13*w + 84. Determine k(7).
-56
Let g(w) = -27*w**3 - 541*w**2 - 25*w - 100. Give g(-20).
0
Let i(x) = -18*x**2 - 6*x - 27. Determine i(-4).
-291
Let s(h) = h**3 - 8*h**2 - 13*h - 92. Determine s(10).
-22
Let y(i) = i**2 - 30*i - 1062. Give y(-18).
-198
Let d(h) = 2*h + 79. Calculate d(-2).
75
Let w(a) = -43*a**2 + 409*a - 821. Determine w(2).
-175
Let v(i) = 7*i**2 + 20*i + 16. Calculate v(-5).
91
Let t(z) = -150*z + 127. Calculate t(3).
-323
Let j(r) = 6*r**2 - 10*r - 20. What is j(-3)?
64
Let k(w) = -w**3 + 13*w**2 + 24*w - 171. Calculate k(14).
-31
Let a(c) = -2*c**2 + 6*c - 96. What is a(7)?
-152
Let u(q) = -67*q + 1055. Determine u(16).
-17
Let g(l) = -l**3 - 9*l**2 + 3*l - 99. Determine g(-10).
-29
Let t(w) = w**3 - 29*w**2 + 106*w + 2. Give t(25).
152
Let m(o) = 11024*o + 44060. Give m(-4).
-36
Let r(m) = -8*m - 225. Calculate r(2).
-241
Let z(b) = -b**3 + 8*b**2 - 3*b + 5. Calculate z(8).
-19
Let p(d) = 1206*d - 88034. Determine p(73).
4
Let t(j) = 222*j - 49. Calculate t(0).
-49
Let y(p) = -3*p**2 - p + 394. Calculate y(11).
20
Let b(v) = v**3 - 97*v**2 + 128*v - 3080. Calculate b(96).
-8
Let u(l) = -225*l - 1518. Determine u(-11).
957
Let s(v) = -6*v**2 + 11*v - 6. Calculate s(-3).
-93
Let o(m) = m**2 - 9*m - 791. Calculate o(-24).
1
Let z(u) = -u**3 + 18*u**2 - 16*u + 11. Calculate z(18).
-277
Let q(k) = -18*k + 575. Calculate q(32).
-1
Let o(k) = -2601*k - 13020. What is o(-5)?
-15
Let f(z) = 8*z**2 + 1539*z + 1540. What is f(-1)?
9
Let x(i) = -i**3 - 5*i**2 - 10*i - 69. Give x(-6).
27
Let f(q) = -14*q**2 - 123*q - 108. Determine f(-1).
1
Let o(x) = x**3 + 12*x**2 + 23*x + 90. What is o(-9)?
126
Let c(s) = 504*s + 16727. Determine c(-33).
95
Let w(t) = t**3 - 6*t**2 - 7*t + 6. Determine w(5).
-54
Let m(q) = -q**3 - 29*q**2 + 28*q + 42. What is m(-30)?
102
Let o(c) = c**2 - 137*c - 5187. Give o(-31).
21
Let m(s) = -3*s**2 - 75*s + 799. Calculate m(-33).
7
Let w(q) = 2*q**2 + 89*q + 111. Determine w(-43).
-18
Let m(t) = 2*t**2 + 86*t - 836. Calculate m(9).
100
Let t(o) = 11*o**2 + 49*o + 2. Calculate t(-4).
-18
Let b(d) = 5*d**2 - 432*d + 95. Give b(86).
-77
Let j(p) = 5*p**3 + p**2 - 266*p - 537. Determine j(-2).
-41
Let r(f) = -9*f**3 - 4*f**2 + 10*f + 16. Give r(-2).
52
Let l(x) = 2*x**3 - 519*x**2 - 269*x + 2334. Determine l(260).
-6
Let m(o) = -o**3 - 20*o**2 + 225*o + 21. Calculate m(-28).
-7
Let n(t) = -t**3 + 5*t**2 + 6*t + 25. What is n(-5)?
245
Let f(x) = -2154*x**2 + 43081*x - 26. Give f(20).
-6
Let f(z) = -z**3 + 35*z**2 + 31*z - 59. Give f(36).
-239
Let f(z) = -13*z**2 - 34*z - 208. Calculate f(-8).
-768
Let c(x) = -218*x + 1487. What is c(7)?
-39
Let z(c) = 16*c**2 - 21*c + 129. Calculate z(6).
579
Let r(g) = -g**3 + 26*g**2 + 52*g + 14. Calculate r(28).
-98
Let a(g) = -g**3 - 9*g**2 + 21*g - 48. Calculate a(-10).
-158
Let s(i) = -246*i + 8633. What is s(35)?
23
Let y(x) = 10*x**2 - 241*x - 29. Give y(24).
-53
Let d(s) = -11*s**2 - 6*s - 9. Determine d(-5).
-254
Let f(h) = -3657*h + 91412. Give f(25).
-13
Let n(p) = -p**2 - 18*p + 97. Determine n(-19).
78
Let l(c) = -31*c - 234. Determine l(-8).
14
Let v(b) = 10*b**2 + 419*b + 317. Calculate v(-41).
-52
Let b(p) = p**3 - 4*p**2 - 6*p - 6. Determine b(5).
-11
Let y(b) = -2*b**3 - 41*b**2 - 28*b - 114. What is y(-20)?
46
Let k(i) = -6*i**2 - 224*i - 1935. Calculate k(-24).
-15
Let d(r) = -31*r - 3059. Calculate d(-97).
-52
Let j(q) = -295*q - 22914. Give j(-78).
96
Let b(u) = -2*u**2 - 25*u - 3. Calculate b(-14).
-45
Let n(b) = b**3 + 4*b**2 - 27*b - 86. Calculate n(-3).
4
Let y(l) = l**3 - 25*l**2 + 112*l + 45. Give y(18).
-207
Let k(y) = 7*y + 109. Calculate k(-15).
4
Let v(i) = i**3 - 11*i**2 - 37*i + 39. What is v(14)?
109
Let z(b) = -13*b**3 - 6*b**2 + 14*b - 15. What is z(2)?
-115
Let p(b) = -24*b + 184. Calculate p(8).
-8
Let h(t) = -t**3 - 8*t**2 - 10*t + 29. Give h(-7).
50
Let j(r) = -86*r - 79. Determine j(-1).
7
Let h(g) = 2*g**3 + 72*g**2 - 3*g - 127. What is h(-36)?
-19
Let p(h) = -11*h**3 - 197*h**2 + 19*h + 26. What is p(-18)?
8
Let i(o) = 1562*o - 4704. What is i(3)?
-18
Let f(a) = 50*a + 1682. Give f(-31).
132
Let z(h) = -11*h**2 - 23*h - 2. Calculate z(-4).
-86
Let r(y) = 2*y**3 + 63*y**2 - 31*y + 6. Determine r(-32).
-26
Let k(z) = 2*z + 35. Give k(7).
49
Let m(i) = i**2 + 106*i + 1442. Determine m(-16).
2
Let a(